b + 5*t = 2*b - 216, -4*b - 3*t + 406 = 0. Let f = b + -180. Let r = f + 132. Calculate the highest common factor of r and 5.
5
Suppose -4*r + 1 = -7. Let p(z) = -269*z**2 + 4*z - 4*z + 270*z**r - 17. Let j be p(7). Calculate the highest common divisor of 8 and j.
8
Let c = -137 - -128. Let h be (-32)/(-3) + -1 - c/27. Let x = -26 - -46. What is the highest common divisor of x and h?
10
Let l be ((-1)/(-5))/(14/((-697970)/(-13))). What is the greatest common factor of l and 91?
13
Let l be -13 - -47 - (4 + 20). Let p(r) = -94*r. Let d be p(-5). What is the greatest common divisor of l and d?
10
Let y be 95/15 + 1 - (-47)/((-1692)/(-24)). Let o be (-5)/((-30)/8)*51. Calculate the greatest common divisor of y and o.
4
Let u = 657 + -417. Suppose -20*p + 10*p = -u. Let g(l) = 3*l**3 + l**2 - 3*l + 2. Let y be g(2). What is the highest common factor of p and y?
24
Let i = 1397 - 722. Calculate the greatest common divisor of 189 and i.
27
Suppose -466253*b + 466226*b + 135 = 0. Let a = -722 + 1607. What is the highest common factor of b and a?
5
Suppose 44*q - 103*q = 305*q - 53872. What is the highest common divisor of 10730 and q?
74
Let p = 78 - 76. Suppose a = q + p, -4*a + 22 = -q + 5. Let w be (54/a)/(((-15)/25)/(-3)). Calculate the highest common factor of w and 135.
27
Let r(u) = -61*u**3 + 8*u**2 + 32*u + 25. Let q be r(-1). Calculate the greatest common divisor of 4185 and q.
31
Let h = 1417 - 489. What is the greatest common factor of 29 and h?
29
Let w be (-279)/(-63) + -4 + (-12162)/(-42). What is the greatest common divisor of w and 19430?
290
Suppose -48*v + 4*j - 32045 = -212485, 2*v = -4*j + 7510. What is the greatest common factor of 105 and v?
21
Suppose -14 + 6 = -2*c. Let t be 4 - c/(-4)*-8. Let g(z) = z + 12. Let n be g(t). Calculate the greatest common factor of 56 and n.
8
Let c = -459 + 461. Suppose 2*n = 8 - 2, 4*z + c*n = 378. Calculate the highest common divisor of 217 and z.
31
Let i be (10 - -74)/(-14) + (0 - -2)*1637. What is the greatest common factor of i and 304?
76
Let s(k) = 3*k**2 - 185*k - 197. Let v be s(63). Calculate the greatest common factor of v and 88.
11
Suppose -7*o - 32 = -23*o. Suppose 35 = m - 5*v, -o*m = -12*v + 8*v - 76. Calculate the highest common divisor of m and 260.
20
Let m be (4/(-10))/((-155)/25 + 6). Suppose -j + 25 = m*u - u, -50 = -2*j - 3*u. Suppose j = 4*w + 5. Calculate the greatest common factor of w and 1.
1
Let k be -240*104/39*-6. What is the highest common divisor of 12 and k?
12
Let t be 52/6*(-7 - -34). Let r(b) = b**3 + b**2 + 26. Let l be r(0). Calculate the highest common factor of l and t.
26
Let l(y) = -2*y - 68. Let d be l(-29). Let i be (d/2)/((11 - 4)/(-21)). Suppose 39 = 5*h - 111. Calculate the highest common divisor of i and h.
15
Let z(c) = 2*c**2 + 8*c + 9. Let m be z(-6). Suppose 0 = -b + m - 1. Suppose 18*a - 130 = -58. Calculate the greatest common divisor of b and a.
4
Let m be -2*1/(2/(-4)). Suppose -i + 18 + 16 = -h, i - 24 = -m*h. Let p(f) = 9*f + 156. Let c be p(-12). Calculate the greatest common factor of c and i.
16
Let i(d) = -2*d**2 + 360*d - 213. Let c be i(179). Suppose -3*o = -2*t + 104, t = -4*o + 2*o + 66. What is the greatest common divisor of c and t?
29
Let b = -373 - -52. Let p = 902 + b. What is the highest common factor of 166 and p?
83
Let b(o) = 14*o + 20 + 42*o + 4*o. Let c be b(6). Calculate the greatest common divisor of 20 and c.
20
Suppose -15120 = -33*i + 3*i. Calculate the greatest common factor of 18 and i.
18
Let z(y) = y**3 + 13*y**2 + 25*y + 13. Let w be z(-9). Suppose v - 5*v = -2*m + 32, 5*m - w = 2*v. Calculate the greatest common factor of m and 1608.
24
Let a(f) = -466*f + 2375. Let x be a(5). Suppose 191 = 3*s + 4*g, -2*s + 167 - 37 = 4*g. Let n be -2 + s + 1/1. Calculate the highest common divisor of x and n.
15
Suppose -5*w - 8*q + 520 = -3*q, 4*w + 5*q - 412 = 0. Let d be ((-46)/(-4))/(6/w). Calculate the greatest common divisor of 46 and d.
23
Suppose 5*r = 17 + 38. Let q(m) = 3*m + 16. Let w be q(-5). What is the greatest common factor of r and w?
1
Let m = 227 - 142. Let c = -50 + 40. Let s be (-9)/15 - 346/c. What is the highest common divisor of m and s?
17
Suppose 0 = g + g - 64. Let v = 294 - 286. Let l be v/(2 + (-133)/70). What is the highest common factor of l and g?
16
Let b = 3985 + -3186. Let s(d) = 5*d**2 + 8*d - 1. Let n be s(-4). What is the greatest common divisor of n and b?
47
Let q be 16*(0 + 6/6). Suppose q*y - 96 = 13*y. What is the greatest common factor of y and 176?
16
Let d(t) = 2*t + 69. Let z be d(-34). Let i(m) = 28*m**3 + m**2 + 3*m - 2. Let c be i(z). What is the highest common divisor of c and 6?
6
Let c(w) = -2*w**3 - 5*w**2 + 4*w - 12. Let n be c(-6). Let g = n + -141. Suppose -5*j + 30 = -45. What is the highest common factor of g and j?
15
Let s(h) = 7*h**3 - 12*h**2 - 15*h - 7. Let l be s(7). Calculate the greatest common factor of l and 21.
21
Suppose 4*t + 10*t - 142128 = -127*t. What is the highest common factor of 2128 and t?
112
Let y(k) = 285*k**2 - 153*k + 156. Let q be y(1). What is the greatest common divisor of q and 544?
32
Suppose -14*y - 47 = 37. Let p(j) = -1 + 1 + j + 0*j + 13. Let t be p(y). What is the highest common factor of 7 and t?
7
Suppose 3*l = -245 + 251, -9 = -2*t - l + 23. Let r = 6 + -4. Suppose -3 = d - r*d. Calculate the greatest common divisor of d and t.
3
Suppose -124 = r + 3*r. Let t = -36 - r. Let c(j) = 2*j**2 + 4*j + 11. Let w be c(t). Calculate the highest common factor of 205 and w.
41
Suppose -2*l + 82 = -5*d, 830*l = 831*l + 5*d - 56. Suppose b = 1 + 18. Let r = l - b. Calculate the greatest common factor of 45 and r.
9
Suppose p = d - 18, -2*d + 39 = -0*p - 3*p. Let t be (-10)/d*351/(-26). Calculate the greatest common divisor of 15 and t.
3
Let k(v) be the second derivative of -v**5/20 + 17*v**4/12 - 5*v**3/6 - 63*v**2 + 2*v + 24. Let d be k(16). What is the highest common factor of 550 and d?
50
Let s = 148 - 31. Suppose 107*d - s*d + 160 = 0. Calculate the greatest common divisor of d and 280.
8
Let i = -138 - -159. Suppose -3*o + 47 = -4*g, -2*o = g - 25 - i. Calculate the greatest common factor of o and 189.
21
Let r = 200 - 456. Let s = r + 1146. Let q be -1 + s/25 - (-2)/5. What is the greatest common factor of 7 and q?
7
Let x(o) = 23*o**2 + 91*o + 19. Let p be x(-19). What is the greatest common divisor of 19 and p?
19
Suppose 3*g + 5 = -4*u + 16, 3*u - 4*g - 27 = 0. Suppose u*z = -4*i + 69, -3 = 4*z - 7. Calculate the greatest common divisor of i and 160.
16
Let u be 2505/3006 + 62/12. Suppose -2*c + 1 = -11. What is the highest common factor of c and u?
6
Suppose 4*c = 37*c - 99. Suppose -2*w - 24 = -4*q, 0*w - 16 = -2*q + c*w. Calculate the highest common factor of q and 85.
5
Let q = -3618 - -3627. What is the greatest common divisor of 1017 and q?
9
Suppose 8*z - h = 13032, -h = 182*z - 187*z + 8142. Calculate the highest common divisor of 20 and z.
10
Let z be 44/(-11)*(-286)/(-8). Let c be -2*(-5 - -3 - z)/(-2). Suppose 3*o = -3*v + c + 228, -v = -4*o + 482. Calculate the greatest common factor of 11 and o.
11
Let q be ((-428)/14 - 604/(-1057))*5/(-3). What is the greatest common divisor of 70 and q?
10
Let n = -65 - -65. Suppose 12*a - 16*a + 16 = n. Suppose 45 = 2*s - 3*j, -2*s = -a*s + 4*j + 48. What is the greatest common divisor of 198 and s?
18
Let d = 537 - 225. Let g = d + -177. Suppose 2*y + 5*t + 12 = g, -2*y + 127 = t. Calculate the greatest common divisor of y and 8.
8
Let a(p) = -5*p**2 - 78*p + 54. Let j be a(-16). Calculate the highest common factor of j and 407.
11
Let u(v) be the first derivative of -107*v**4/4 + v - 87. Let g be u(-1). What is the greatest common divisor of g and 72?
36
Let o be -58*(-29)/6 + 9/(-27). Suppose -n = x - o, 7*n - 2*n = 0. Suppose 6*r = -4*r + x. What is the greatest common divisor of r and 56?
28
Let x(g) = -61*g**3 + 5 - 3*g - 2*g + 54*g**3 + 0*g - 2*g**2. Let o be x(-4). What is the highest common factor of o and 49?
49
Let q(c) = -2*c**3 - 5*c**2 + 29*c + 148. Let z be q(-5). Calculate the highest common divisor of 2192 and z.
16
Suppose 4*o + n - 536 = 0, 4*n = 6*o - 4*o - 250. Let m = o + 54. What is the highest common factor of 34 and m?
17
Suppose -u = 3*y - 539, -6